(-1 - -1) + (0 - 8) + 14?
6
Calculate (4 - 4) + 0 - 2.
-2
8 + -22 - -10 - 2
-6
What is the value of 0 + (-1 - 1 - -4)?
2
Calculate 9 - (3 - (-2 + 1 + 3)).
8
Calculate (0 + 3 - 2) + (4 - 1).
4
((-4 - -8) + -4 - 12) + 7
-5
What is -4 - (1 - 6) - 2 - -6?
5
What is 6 + (-1 - (3 - 3)) + -10?
-5
What is (-1 + 1 - 0) + (-4 - -5)?
1
-1 + (-25 - -25 - (6 + 0))
-7
-2 - (-2 + (-2 - -3))
-1
3 + 3 + -2 + (-3 - 2)
-1
What is 1 - (-3 - -2) - (8 - 3)?
-3
(0 - 4) + -12 + 18
2
What is 0 + 2 - ((-15 - -6) + 4)?
7
7 - (2 + -2 - (-2 - 0))
5
What is (4 - 1) + 1 + -6 - -7?
5
Evaluate -7 + (5 - 8) + 4.
-6
0 - (2 + 1) - 5 - -4
-4
Calculate (11 - 5) + -10 + -1.
-5
Calculate (90 - 91) + (0 - 3).
-4
Calculate (-11 - 0) + (0 - -2).
-9
What is the value of -1 - (1 + (-4 - -7) + -4)?
-1
What is 19 - (13 + 13 - 14)?
7
What is the value of -11 - (15 + -10 + -22)?
6
What is the value of -71 - -70 - (2 + (1 - 10))?
6
What is (-6 - -3) + (6 - 0) + -6?
-3
What is the value of 10 + 1 + (-4 + 3 - 4)?
6
Calculate -1 - -2 - ((3 - 2) + -1).
1
What is -1 - (3 - 0 - 1) - 1?
-4
Calculate -2 + -3 + 1 + 0.
-4
Evaluate 10 + 6 + -11 - -1.
6
Evaluate -2 - (4 - (-3 - -1)) - -4.
-4
Evaluate (-2 - 2) + -1 - (0 - 1).
-4
What is the value of 2 + (-24 - -9) + (0 - -3)?
-10
Calculate -4 + (6 - 2) + (0 - 5).
-5
What is 2 - (3 + -6 + -3)?
8
What is -6 - ((-2 - 0) + 1) - -11?
6
Calculate 20 + -7 + 2 - 8.
7
What is the value of (-3 - 3) + 2 + 2 + 5?
3
Evaluate 0 + -2 - (2 + -9).
5
Calculate (-2 - -2 - -5) + -3.
2
Calculate 7 - (2 - -1) - (6 - 3).
1
Evaluate 10 + (7 - -1 - (46 + -30)).
2
Calculate (2 + 0 - (4 + 0)) + 1.
-1
Calculate (-7 - 0) + 13 + -8.
-2
-2 + (0 + 1 - 1 - -4)
2
What is 3 - (-1 - -1) - (10 - 2)?
-5
What is the value of -6 + -23 + 35 + 0 + -1?
5
Calculate 4 + 1 + -2 + 0.
3
-3 - (0 - (5 + -11 - -10))
1
Calculate 2 + 10 + -1 + -3 + -8.
0
3 + (7 - 5) + -2
3
Calculate -4 + 1 + -11 + 11 + 5.
2
Evaluate 2 - -3 - (-6 + 9).
2
Evaluate -3 + 2 + 4 + -10 + 2.
-5
Calculate (-3 + 6 - 8) + 1.
-4
What is 9 + -3 + 6 + -8?
4
(5 - -3) + -4 - 3
1
Calculate 0 + 2 + (7 - (5 - -2)).
2
(6 - 1) + (8 - (-2 + 21))
-6
Calculate -3 + -59 + 60 + -1 + 2.
-1
What is the value of -5 - (7 - -1 - 16)?
3
What is the value of 0 - ((-18 + 4 - -5) + 4)?
5
What is the value of (-3 - -2 - 0) + (-5 - -8)?
2
What is -7 + 7 + 6 + -7?
-1
What is the value of 3 - (4 - (2 - 3) - -3)?
-5
11 + -2 + -18 - -7
-2
Evaluate -2 - (13 + -24 - -10).
-1
Calculate 0 + 9 + (8 - 8).
9
What is the value of (9 - (7 - 2)) + 1 + -4?
1
Calculate 2 + -3 + -1 + -11 + 9.
-4
Calculate (-10 - (-21 - 4)) + -11.
4
What is the value of -1 + (-2 - (5 + -4))?
-4
What is the value of -7 - (-7 + 6 + -3) - 5?
-8
-4 - (4 - (7 - -2) - 2)
3
What is the value of -15 - -1 - (131 - 153)?
8
3 - 3 - (10 + -6) - -3
-1
What is the value of -2 + 4 + 2 + -2?
2
Evaluate 2 - (0 + -3 + 1) - 8.
-4
3 - ((6 - 9) + 2)
4
What is (2 - 2) + -35 + 39?
4
-4 - ((7 + -13 - -1) + -4)
5
What is (9 - (3 + 1)) + -3 + 1?
3
Evaluate -8 + (9 - 1) + 9.
9
What is the value of -3 + (-2 - 1 - (-10 + 9))?
-5
Calculate (0 - -1) + -1 + -2 + 5.
3
2 - (-1 + (-14 - (-4 + -4)))
9
-1 + 1 + -3 + 6 - 6
-3
What is the value of -13 + -4 + 2 - -6 - -4?
-5
Calculate -117 - -120 - (1 + 1).
1
What is the value of 5 - (15 + -6 - -2)?
-6
Calculate -6 + 6 + -1 + -2 - 2.
-5
Evaluate -1 - (17 + -14 + 4).
-8
Evaluate -2 - (-2 - 8 - -3).
5
Calculate -5 + 9 + 4 + (-2 - 2).
4
What is 1 + 2 + 2 - 2?
3
What is -2 + -1 + 0 - (-5 - 2)?
4
What is -6 + (13 - (1 - -7 - 8))?
7
0 + (-2 + 5 - -1) + -9
-5
Calculate 2 + (-1 - (-6 + 8)).
-1
Calculate (18 + -9 - 7) + 0.
2
0 + -3 + -1 - 4
-8
Calculate -123 + 115 + (1 - 1).
-8
Calculate -3 - (2 - 4) - (-2 + -2).
3
Calculate 7 - 1 - (20 - 14).
0
What is the value of 3 + (55 + -49 - (0 + 7))?
2
Evaluate (7 - 15) + (10 - -1).
3
What is the value of 6 + -4 + 1 + (-4 - -4)?
3
What is the value of 1 + 2 - (-1 + 9)?
-5
Calculate 19 + -28 - (1 + -13).
3
Evaluate 6 + -11 + (5 - (-1 - -3)).
-2
Evaluate (3 - (3 - -7)) + 6.
-1
What is the value of -9 + 0 + 3 + 1?
-5
Calculate 4 - (-13 - -12) - (-1 + 2).
4
0 + -2 - (-58 - -51) - 11
-6
0 + -2 - -5 - (10 - 7)
0
Evaluate 0 + 0 - 2 - (-1 - -2).
-3
Evaluate (17 - (-2 + 1)) + (328 - 336).
10
Calculate 8 - (0 - -3) - (3 + -1).
3
What is the value of -9 - ((0 - 1) + -3 + -1)?
-4
What is (-5 - -4) + -2 + 0?
-3
Calculate (-2 - (1 - 3)) + -5.
-5
-4 + (-1 - -2) - (-2 - -4)
-5
What is the value of 0 - 7 - (0 - 1)?
-6
What is the value of -26 + 6 + 4 + 9?
-7
What is the value of (-9 - -11) + (-1 - (-4 + -2))?
7
-3 - (-5 + 3 - (1 - -2))
2
What is (4 + -7 + 2 - -9) + -4?
4
Calculate 2 - 8 - (-6 - (-1 + -1)).
-2
Calculate 1 - 5 - ((0 - 5) + 8).
-7
Evaluate 11 - (-6 + 6) - 14.
-3
What is -3 + (1 - (-7 - -2))?
3
What is 0 + (10 - 2 - 6)?
2
What is the value of -6 - ((-2 - 2) + 0)?
-2
-1 + -4 - (2 + -9 + 5)
-3
Calculate -3 + -1 + 2 + -1 + -1.
-4
Calculate 0 + 2 - (8 - 2).
-4
What is the value of -2 + (-4 - -4 - -5)?
3
What is -5 - (-1 + 5) - -9?
0
Evaluate 5 - 0 - (27 - 20).
-2
(11 + 1 - (15 - 10)) + 1
8
What is the value of 0 + (-4 + 3 - (1 + 2))?
-4
Calculate 14 - (8 + -3 + 7).
2
What is 3 + (-1 + 0 - (-1 - -3))?
0
What is 5 + 0 + (4 - 19) + 14?
4
Calculate 4 - (6 + -3) - -2 - 3.
0
What is the value of 1 + (0 - -4) + -2 + -2?
1
Calculate -3 + (-2 - 2 - (0 - -1)).
-8
What is the value of 0 + -10 + 159 + -157?
-8
Calculate 3 + (-3 - -3 - 5).
-2
-6 - -11 - (0 - (0 + -1))
4
-7 - (7 + -25 - (-4 + -1))
6
Calculate 2 + (4 - 7) + (-2 - -2).
-1
(2 - -7) + -69 + 64
4
What is the value of -1 + (-1 - 0) - (5 - 1)?
-6
Evaluate -2 + 0 + 1 + -2.
-3
What is 6 + 0 - 3 - 9?
-6
Evaluate 4 + (-2 - -2) + -3 + 0.
1
Calculate 11 - 9 - (5 + -2) - 0.
-1
Evaluate -1 - -3 - (3 + 4 - 2).
-3
What is the value of 5 + -5 + 0 + 5?
5
What is (25 - 16) + -1 + -9?
-1
What is (-1 - -3 - (-7 + 8)) + 1?
2
What is the value of 2 + -3 - (2 + (4 - 10))?
3
-1 + 2 + 4 - 12
-7
Evaluate 0 + -1 + (4 - 0) - -1.
4
-4 - (-5 + 8) - 1 - -5
-3
What is the value of -10 - (0 + (4 + -5 - 3))?
-6
Evaluate 6 + -7 + -2 + 6.
3
-6 + -2 + 4 + -1
-5
What is the value of -2 + -3 + 2 + -1?
-4
Evaluate 9 + (5 - (6 + -5)) + -7.
6
Calculate 4 + 68 + -72 + -1 + 1.
0
Calculate -5 + 12 - 13 - -4.
-2
0 - -4 - (53 - 46)
-3
-1 - 4 - (-8 + 4)
-1
Evaluate -5 - (4 + -7) - 3.
-5
What is 3 - (0 - 4 - (-36 - -28))?
-1
What is the value of -11 + (-2 + -6 - -12)?
-7
What is the value of 2 + -3 - (2 - 7 - -4)?
0
What is -1 + -1 + (13 - 6)?
5
What is the value of (-4 - -8 - 6) + 2?
0
Calculate 2 + -6 - -2 - (3 - 3).
-2
What is -2 + (-5 - (-3 + -1)) + 4?
1
Evaluate -2 - 0 - (-2 + 4 + -7).
3
Calculate -4 + 1 - (3 + (8 - 18)).
4
What is the value of -8 - (-12 + -1 - 5)?
10
What is the value of 3 + 3 + -1 + (-2 - -2)?
5
Calculate -2 + (-10 + 15 - (3 - -1)).
-1
What is 8 - (-3 - -2 - -5)?
4
(0 - (-10 + 2)) + -4
4
What is 12 + (0 - 1) - 8?
3
What is -1 + 4 - (0 - 1)?
4
Evaluate -27 + (1 - -7) - -11.
-8
Calculate -1 - (8 + -8 + 5 + -17).
11
Calculate 1 + 7 - (-6 + 16).
-2
Evaluate (6 - (16 - 6)) + -1 + -5.
-10
What is the value of -5 + (-3 - (-5 + 2))?
-5
Calculate (-2 + 3 - 1) + 4 - 3.
1
What is -1 - (1 - (5 - -2))?
5
What is the value of 4 - (-4 + (4 + -4 - -3))?
5
What is the value of 5 - (-4 - -15) - (-11 + 1)?
4
-1 + 4 + (-11 - -6)
-2
(-2 - (2 - 2) - 1) + -2
-5
Calculate -5 - (0 + -5 + -2).
2
What is the value of (3 - 2 - (-2 + 10)) + 2?
-5
13 - 3 - (26 + -8)
-8
Evaluate 1 - ((4 - 4) + 1 + -2).
2
What is the value of 3 - 1 - (-4 + (-2 - -13))?
-5
-10 + (8 - (10 - 8))
-4
What is the value of -3 + (7 - (2 - -4))?
-2
Evaluate 4 + -4 + -5 + 4.
-1
What is -74 - -68 - (-2 + 0 + -6)?
2
What is the value of -14 + 2 + (59 - 38)?
9
Calculate -2 - -1 - ((-6 - -1) + 1).
3
Calculate 5 - (7 + 10) - -4.
-8
-6 - (3 + -3 - 2)
-4
What is 1 + 1 + -2 + 6 + -1?
5
What is the value of 2 + (3 + 0 - 10 - -2)?
-3
3 + -5 + -2 + -2 + 6
0
(-6 - (7 - 20)) + -3
4
Calculate (7 + -5 - 0) + -4.
-2
Calculate (-6 - -1) + -7 + 7 + 3.
-2
Calculate -1 + 4 + (-10 - -12).
5
-2 + (-17 - -3) + 22
6
0 - (-4 - -2) - 5
-3
What is 9 + (-8 - 0) + 5 - 13?
-7
Evaluate -4 - (1 + -7) - (-3 - -1).
4
Evaluate 1 - (-1 - 3 - (2 - 4)).
3
Calculate 5 + (1 + -2 + -1 - 2).
1
Evaluate (1 - (0 - -2)) + -9 + 5.
-5
What is the value of 1 - (4 + -5 + 6)?
-4
What is -6 + 2 + 6 + -4?
-2
What is 3 + (5 - 6) + 1 + 4?